{"id":149,"date":"2021-06-03T17:50:20","date_gmt":"2021-06-03T15:50:20","guid":{"rendered":"http:\/\/www.erims.udl.cat\/?page_id=149"},"modified":"2024-02-08T18:36:37","modified_gmt":"2024-02-08T16:36:37","slug":"formacio-i-transferencia","status":"publish","type":"page","link":"http:\/\/www.erims.udl.cat\/index.php\/formacio-i-transferencia\/","title":{"rendered":"Formaci\u00f3 i transfer\u00e8ncia"},"content":{"rendered":"<div class=\"post-content\">\n<h2 class=\"has-text-align-left wp-block-heading\">Cursos en l\u00ednia oberts y gratu\u00efts<\/h2>\n\n\n\n<figure class=\"wp-block-embed aligncenter is-type-wp-embed is-provider-narres wp-block-embed-narres\"><div class=\"wp-block-embed__wrapper\">\n<blockquote class=\"wp-embedded-content\" data-secret=\"P48RJMVGky\"><a href=\"https:\/\/www.narr.es\/es\/courses\/the-narres-mooc-a-new-approach-to-teacher-resilience-2\/\">Desarrollar la resiliencia docente a trav\u00e9s de narrativas [Espa\u00f1ol]<\/a><\/blockquote><iframe class=\"wp-embedded-content\" sandbox=\"allow-scripts\" security=\"restricted\" style=\"position: absolute; clip: rect(1px, 1px, 1px, 1px);\" title=\"&#8220;Desarrollar la resiliencia docente a trav\u00e9s de narrativas [Espa\u00f1ol]&#8221; &#8212; NARRES\" src=\"https:\/\/www.narr.es\/es\/courses\/the-narres-mooc-a-new-approach-to-teacher-resilience-2\/embed\/#?secret=s6AykdLjRd#?secret=P48RJMVGky\" data-secret=\"P48RJMVGky\" width=\"600\" height=\"338\" frameborder=\"0\" marginwidth=\"0\" marginheight=\"0\" scrolling=\"no\"><\/iframe>\n<\/div><\/figure>\n\n\n\n<hr class=\"wp-block-separator is-style-wide\"\/>\n\n\n\n<h2 class=\"has-text-align-left wp-block-heading\">Plans docents per a formaci\u00f3 presencial<\/h2>\n\n\n\n<p><strong><a href=\"https:\/\/drive.google.com\/file\/d\/1MjQNSOXZiVOqBBpeL--mAolQs0ndVb_-\/view?usp=drive_link\">Curs presencial de 6 sessions sobre Malestar i resili\u00e8ncia docent<\/a><\/strong><\/p>\n\n\n\n<p><\/p>\n\n\n\n<p><strong><a href=\"https:\/\/drive.google.com\/file\/d\/1eWzIEOE59BPg_CX67Wy2-6mIfpUS3Uou\/view?usp=drive_link\">Curs presencial de 27-30 sessions sobre Malestar i resili\u00e8ncia docent<\/a><\/strong><\/p>\n<\/div>","protected":false},"excerpt":{"rendered":"<p>Cursos en l\u00ednia oberts y gratu\u00efts Plans docents per a<\/p>\n","protected":false},"author":1,"featured_media":189,"parent":0,"menu_order":0,"comment_status":"closed","ping_status":"closed","template":"","meta":{"footnotes":""},"acf":[],"rise-blocks_excerpt":"Cursos en l\u00ednia oberts y gratu\u00efts Plans docents per a formaci\u00f3 presencial Curs presencial de 6 sessions sobre Malestar i resili\u00e8ncia docent Curs presencial de 27-30 sessions sobre Malestar i resili\u00e8ncia docent","uagb_featured_image_src":{"full":["http:\/\/www.erims.udl.cat\/wp-content\/uploads\/2021\/06\/cdc-8LITuYkZRIo-unsplash-scaled.jpg",2560,1703,false],"thumbnail":["http:\/\/www.erims.udl.cat\/wp-content\/uploads\/2021\/06\/cdc-8LITuYkZRIo-unsplash-150x150.jpg",150,150,true],"medium":["http:\/\/www.erims.udl.cat\/wp-content\/uploads\/2021\/06\/cdc-8LITuYkZRIo-unsplash-300x200.jpg",300,200,true],"medium_large":["http:\/\/www.erims.udl.cat\/wp-content\/uploads\/2021\/06\/cdc-8LITuYkZRIo-unsplash-768x511.jpg",640,426,true],"large":["http:\/\/www.erims.udl.cat\/wp-content\/uploads\/2021\/06\/cdc-8LITuYkZRIo-unsplash-1024x681.jpg",640,426,true],"1536x1536":["http:\/\/www.erims.udl.cat\/wp-content\/uploads\/2021\/06\/cdc-8LITuYkZRIo-unsplash-1536x1022.jpg",1536,1022,true],"2048x2048":["http:\/\/www.erims.udl.cat\/wp-content\/uploads\/2021\/06\/cdc-8LITuYkZRIo-unsplash-2048x1363.jpg",2048,1363,true]},"uagb_author_info":{"display_name":"admin","author_link":"http:\/\/www.erims.udl.cat\/index.php\/author\/admin\/"},"uagb_comment_info":0,"uagb_excerpt":"Cursos en l\u00ednia oberts y gratu\u00efts Plans docents per a","_links":{"self":[{"href":"http:\/\/www.erims.udl.cat\/index.php\/wp-json\/wp\/v2\/pages\/149"}],"collection":[{"href":"http:\/\/www.erims.udl.cat\/index.php\/wp-json\/wp\/v2\/pages"}],"about":[{"href":"http:\/\/www.erims.udl.cat\/index.php\/wp-json\/wp\/v2\/types\/page"}],"author":[{"embeddable":true,"href":"http:\/\/www.erims.udl.cat\/index.php\/wp-json\/wp\/v2\/users\/1"}],"replies":[{"embeddable":true,"href":"http:\/\/www.erims.udl.cat\/index.php\/wp-json\/wp\/v2\/comments?post=149"}],"version-history":[{"count":8,"href":"http:\/\/www.erims.udl.cat\/index.php\/wp-json\/wp\/v2\/pages\/149\/revisions"}],"predecessor-version":[{"id":671,"href":"http:\/\/www.erims.udl.cat\/index.php\/wp-json\/wp\/v2\/pages\/149\/revisions\/671"}],"wp:featuredmedia":[{"embeddable":true,"href":"http:\/\/www.erims.udl.cat\/index.php\/wp-json\/wp\/v2\/media\/189"}],"wp:attachment":[{"href":"http:\/\/www.erims.udl.cat\/index.php\/wp-json\/wp\/v2\/media?parent=149"}],"curies":[{"name":"wp","href":"https:\/\/api.w.org\/{rel}","templated":true}]}}

Formació i transferència

<div class="post-content">
<h2 class="has-text-align-left wp-block-heading">Cursos en línia oberts y gratuïts</h2>



<figure class="wp-block-embed aligncenter is-type-wp-embed is-provider-narres wp-block-embed-narres"><div class="wp-block-embed__wrapper">
<blockquote class="wp-embedded-content" data-secret="P48RJMVGky"><a href="https://www.narr.es/es/courses/the-narres-mooc-a-new-approach-to-teacher-resilience-2/">Desarrollar la resiliencia docente a través de narrativas [Español]</a></blockquote><iframe class="wp-embedded-content" sandbox="allow-scripts" security="restricted" style="position: absolute; clip: rect(1px, 1px, 1px, 1px);" title="&#8220;Desarrollar la resiliencia docente a través de narrativas [Español]&#8221; &#8212; NARRES" src="https://www.narr.es/es/courses/the-narres-mooc-a-new-approach-to-teacher-resilience-2/embed/#?secret=s6AykdLjRd#?secret=P48RJMVGky" data-secret="P48RJMVGky" width="600" height="338" frameborder="0" marginwidth="0" marginheight="0" scrolling="no"></iframe>
</div></figure>



<hr class="wp-block-separator is-style-wide"/>



<h2 class="has-text-align-left wp-block-heading">Plans docents per a formació presencial</h2>



<p><strong><a href="https://drive.google.com/file/d/1MjQNSOXZiVOqBBpeL--mAolQs0ndVb_-/view?usp=drive_link">Curs presencial de 6 sessions sobre Malestar i resiliència docent</a></strong></p>



<p></p>



<p><strong><a href="https://drive.google.com/file/d/1eWzIEOE59BPg_CX67Wy2-6mIfpUS3Uou/view?usp=drive_link">Curs presencial de 27-30 sessions sobre Malestar i resiliència docent</a></strong></p>
</div>

<p>Cursos en línia oberts y gratuïts Plans docents per a</p>

Cursos en línia oberts y gratuïts Plans docents per a formació presencial Curs presencial de 6 sessions sobre Malestar i resiliència docent Curs presencial de 27-30 sessions sobre Malestar i resiliència docent

Cursos en línia oberts y gratuïts Plans docents per a
