{"id":253,"date":"2021-07-20T18:38:42","date_gmt":"2021-07-20T16:38:42","guid":{"rendered":"http:\/\/www.erims.udl.cat\/?page_id=253"},"modified":"2022-10-19T17:29:48","modified_gmt":"2022-10-19T15:29:48","slug":"erims-2","status":"publish","type":"page","link":"http:\/\/www.erims.udl.cat\/index.php\/erims-2\/","title":{"rendered":"ERIMS"},"content":{"rendered":"<div class=\"post-content\">\n<h2 class=\"wp-block-heading\">Quem somos?<\/h2>\n\n\n\n<p>O Espa\u00e7o de Pesquisa em Intera\u00e7\u00e3o e Media\u00e7\u00e3o Semi\u00f3tica (ERIMS) \u00e9 um espa\u00e7o de pesquisa interdisciplinar, sediado na Universidade de Lleida, que desenvolve pesquisas na \u00e1rea educacional. ERIMS concentra sua pesquisa em duas \u00e1reas principais: intera\u00e7\u00e3o educacional e media\u00e7\u00e3o semi\u00f3tica em processos educacionais.<\/p>\n\n\n\n<h2 class=\"wp-block-heading\">Media\u00e7\u00e3o semi\u00f3tica<\/h2>\n\n\n\n<p>O ERIMS investiga os significados que as pessoas usam para entender o mundo ao seu redor e a rela\u00e7\u00e3o que existe entre esses significados e certos processos como a experi\u00eancia emocional, a tomada de decis\u00e3o e a pr\u00e1tica dessas pessoas. At\u00e9 o momento ERIMS tem se concentrado no estudo da media\u00e7\u00e3o semi\u00f3tica na atividade docente, estabelecendo duas sub-linhas relacionadas \u00e0 media\u00e7\u00e3o semi\u00f3tica:<\/p>\n\n\n\n<ol><li>A natureza, constru\u00e7\u00e3o e desenvolvimento de significados mediadores da atividade docente<\/li><li>A rela\u00e7\u00e3o entre significados mediadores da atividade docente e a resili\u00eancia docente<\/li><\/ol>\n\n\n\n<h2 class=\"wp-block-heading\">Intera\u00e7\u00e3o educacional<\/h2>\n\n\n\n<p>O ERIMS tamb\u00e9m investiga o funcionamento e a din\u00e2mica da intera\u00e7\u00e3o educacional. At\u00e9 agora, a pesquisa sobre intera\u00e7\u00e3o educacional tem se concentrado principalmente na intera\u00e7\u00e3o dial\u00f3gica. Essa forma de intera\u00e7\u00e3o educacional \u00e9 baseada no di\u00e1logo e na indaga\u00e7\u00e3o em condi\u00e7\u00f5es de simetria social (ou seja, reduzindo desequil\u00edbrios de poder, por exemplo, entre professor e alunos). ERIMS tem investigado como a intera\u00e7\u00e3o dial\u00f3gica pode ser progressiva (ou seja, que h\u00e1 uma constru\u00e7\u00e3o conjunta e cumulativa de novo significado) e teleol\u00f3gica (ou seja, que permite o progresso em dire\u00e7\u00e3o aos objetivos educacionais).<\/p>\n\n\n\n<p>O ERIMS \u00e9 coordenado pelo Dr. Marc Clar\u00e0 (<a rel=\"noreferrer noopener\" href=\"mailto:erims.udl@gmail.com\" target=\"_blank\">marc.clara@udl.cat<\/a>) e \u00e9 definido como um espa\u00e7o aberto de pesquisa. Neste sentido, todos os pesquisadores ou profissionais interessados \u200b\u200bem participar deste espa\u00e7o ou nos visitar podem entrar em contato conosco em: <a href=\"mailto: erims. udl@gmail.com \">erims.udl@gmail.com<\/a><\/p>\n\n\n\n<p><\/p>\n<\/div>","protected":false},"excerpt":{"rendered":"<p>Quem somos? O Espa\u00e7o de Pesquisa em Intera\u00e7\u00e3o e Media\u00e7\u00e3o<\/p>\n","protected":false},"author":1,"featured_media":164,"parent":0,"menu_order":0,"comment_status":"closed","ping_status":"closed","template":"","meta":{"footnotes":""},"acf":[],"rise-blocks_excerpt":"Quem somos? O Espa\u00e7o de Pesquisa em Intera\u00e7\u00e3o e Media\u00e7\u00e3o Semi\u00f3tica (ERIMS) \u00e9 um espa\u00e7o de pesquisa interdisciplinar, sediado na Universidade de Lleida, que desenvolve pesquisas na \u00e1rea educacional. ERIMS concentra sua pesquisa em duas \u00e1reas principais: intera\u00e7\u00e3o educacional e media\u00e7\u00e3o semi\u00f3tica em processos educacionais. Media\u00e7\u00e3o semi\u00f3tica O ERIMS investiga os significados que as pessoas usam para entender o mundo..","uagb_featured_image_src":{"full":["http:\/\/www.erims.udl.cat\/wp-content\/uploads\/2021\/06\/element5-digital-OyCl7Y4y0Bk-unsplash-scaled.jpg",2560,1807,false],"thumbnail":["http:\/\/www.erims.udl.cat\/wp-content\/uploads\/2021\/06\/element5-digital-OyCl7Y4y0Bk-unsplash-150x150.jpg",150,150,true],"medium":["http:\/\/www.erims.udl.cat\/wp-content\/uploads\/2021\/06\/element5-digital-OyCl7Y4y0Bk-unsplash-300x212.jpg",300,212,true],"medium_large":["http:\/\/www.erims.udl.cat\/wp-content\/uploads\/2021\/06\/element5-digital-OyCl7Y4y0Bk-unsplash-768x542.jpg",640,452,true],"large":["http:\/\/www.erims.udl.cat\/wp-content\/uploads\/2021\/06\/element5-digital-OyCl7Y4y0Bk-unsplash-1024x723.jpg",640,452,true],"1536x1536":["http:\/\/www.erims.udl.cat\/wp-content\/uploads\/2021\/06\/element5-digital-OyCl7Y4y0Bk-unsplash-1536x1084.jpg",1536,1084,true],"2048x2048":["http:\/\/www.erims.udl.cat\/wp-content\/uploads\/2021\/06\/element5-digital-OyCl7Y4y0Bk-unsplash-2048x1446.jpg",2048,1446,true]},"uagb_author_info":{"display_name":"admin","author_link":"http:\/\/www.erims.udl.cat\/index.php\/author\/admin\/"},"uagb_comment_info":0,"uagb_excerpt":"Quem somos? O Espa\u00e7o de Pesquisa em Intera\u00e7\u00e3o e Media\u00e7\u00e3o","_links":{"self":[{"href":"http:\/\/www.erims.udl.cat\/index.php\/wp-json\/wp\/v2\/pages\/253"}],"collection":[{"href":"http:\/\/www.erims.udl.cat\/index.php\/wp-json\/wp\/v2\/pages"}],"about":[{"href":"http:\/\/www.erims.udl.cat\/index.php\/wp-json\/wp\/v2\/types\/page"}],"author":[{"embeddable":true,"href":"http:\/\/www.erims.udl.cat\/index.php\/wp-json\/wp\/v2\/users\/1"}],"replies":[{"embeddable":true,"href":"http:\/\/www.erims.udl.cat\/index.php\/wp-json\/wp\/v2\/comments?post=253"}],"version-history":[{"count":6,"href":"http:\/\/www.erims.udl.cat\/index.php\/wp-json\/wp\/v2\/pages\/253\/revisions"}],"predecessor-version":[{"id":532,"href":"http:\/\/www.erims.udl.cat\/index.php\/wp-json\/wp\/v2\/pages\/253\/revisions\/532"}],"wp:featuredmedia":[{"embeddable":true,"href":"http:\/\/www.erims.udl.cat\/index.php\/wp-json\/wp\/v2\/media\/164"}],"wp:attachment":[{"href":"http:\/\/www.erims.udl.cat\/index.php\/wp-json\/wp\/v2\/media?parent=253"}],"curies":[{"name":"wp","href":"https:\/\/api.w.org\/{rel}","templated":true}]}}

<div class="post-content">
<h2 class="wp-block-heading">Quem somos?</h2>



<p>O Espaço de Pesquisa em Interação e Mediação Semiótica (ERIMS) é um espaço de pesquisa interdisciplinar, sediado na Universidade de Lleida, que desenvolve pesquisas na área educacional. ERIMS concentra sua pesquisa em duas áreas principais: interação educacional e mediação semiótica em processos educacionais.</p>



<h2 class="wp-block-heading">Mediação semiótica</h2>



<p>O ERIMS investiga os significados que as pessoas usam para entender o mundo ao seu redor e a relação que existe entre esses significados e certos processos como a experiência emocional, a tomada de decisão e a prática dessas pessoas. Até o momento ERIMS tem se concentrado no estudo da mediação semiótica na atividade docente, estabelecendo duas sub-linhas relacionadas à mediação semiótica:</p>



<ol><li>A natureza, construção e desenvolvimento de significados mediadores da atividade docente</li><li>A relação entre significados mediadores da atividade docente e a resiliência docente</li></ol>



<h2 class="wp-block-heading">Interação educacional</h2>



<p>O ERIMS também investiga o funcionamento e a dinâmica da interação educacional. Até agora, a pesquisa sobre interação educacional tem se concentrado principalmente na interação dialógica. Essa forma de interação educacional é baseada no diálogo e na indagação em condições de simetria social (ou seja, reduzindo desequilíbrios de poder, por exemplo, entre professor e alunos). ERIMS tem investigado como a interação dialógica pode ser progressiva (ou seja, que há uma construção conjunta e cumulativa de novo significado) e teleológica (ou seja, que permite o progresso em direção aos objetivos educacionais).</p>



<p>O ERIMS é coordenado pelo Dr. Marc Clarà (<a rel="noreferrer noopener" href="mailto:erims.udl@gmail.com" target="_blank">marc.clara@udl.cat</a>) e é definido como um espaço aberto de pesquisa. Neste sentido, todos os pesquisadores ou profissionais interessados ​​em participar deste espaço ou nos visitar podem entrar em contato conosco em: <a href="mailto: erims. udl@gmail.com ">erims.udl@gmail.com</a></p>



<p></p>
</div>

<p>Quem somos? O Espaço de Pesquisa em Interação e Mediação</p>

Quem somos? O Espaço de Pesquisa em Interação e Mediação Semiótica (ERIMS) é um espaço de pesquisa interdisciplinar, sediado na Universidade de Lleida, que desenvolve pesquisas na área educacional. ERIMS concentra sua pesquisa em duas áreas principais: interação educacional e mediação semiótica em processos educacionais. Mediação semiótica O ERIMS investiga os significados que as pessoas usam para entender o mundo..

Quem somos? O Espaço de Pesquisa em Interação e Mediação
