{"id":450,"date":"2021-11-11T14:40:21","date_gmt":"2021-11-11T12:40:21","guid":{"rendered":"http:\/\/www.erims.udl.cat\/?page_id=450"},"modified":"2024-02-08T18:39:23","modified_gmt":"2024-02-08T16:39:23","slug":"treinamento-e-transferencia","status":"publish","type":"page","link":"http:\/\/www.erims.udl.cat\/index.php\/treinamento-e-transferencia\/","title":{"rendered":"Treinamento e transfer\u00eancia"},"content":{"rendered":"<div class=\"post-content\">\n<h2 class=\"has-text-align-left wp-block-heading\">Cursos online gratuitos<\/h2>\n\n\n\n<figure class=\"wp-block-embed is-type-wp-embed is-provider-narres wp-block-embed-narres\"><div class=\"wp-block-embed__wrapper\">\n<blockquote class=\"wp-embedded-content\" data-secret=\"zaDPF9vyl4\"><a href=\"https:\/\/www.narr.es\/courses\/the-narres-mooc-a-new-approach-to-teacher-resilience\/\">Developing teacher resilience through narratives<\/a><\/blockquote><iframe class=\"wp-embedded-content\" sandbox=\"allow-scripts\" security=\"restricted\" style=\"position: absolute; clip: rect(1px, 1px, 1px, 1px);\" title=\"&#8220;Developing teacher resilience through narratives&#8221; &#8212; NARRES\" src=\"https:\/\/www.narr.es\/courses\/the-narres-mooc-a-new-approach-to-teacher-resilience\/embed\/#?secret=rcHj4kqIJ9#?secret=zaDPF9vyl4\" data-secret=\"zaDPF9vyl4\" width=\"600\" height=\"338\" frameborder=\"0\" marginwidth=\"0\" marginheight=\"0\" scrolling=\"no\"><\/iframe>\n<\/div><\/figure>\n\n\n\n<hr class=\"wp-block-separator is-style-wide\"\/>\n\n\n\n<h2 class=\"has-text-align-left wp-block-heading\">Planos de ensino para cursos presenciais<\/h2>\n\n\n\n<p><strong><a href=\"https:\/\/drive.google.com\/file\/d\/1MjQNSOXZiVOqBBpeL--mAolQs0ndVb_-\/view?usp=drive_link\">Curso presencial de 6 sess\u00f5es sobre Resili\u00eancia docente<\/a><\/strong><\/p>\n\n\n\n<p><\/p>\n\n\n\n<p><strong><a href=\"https:\/\/drive.google.com\/file\/d\/1eWzIEOE59BPg_CX67Wy2-6mIfpUS3Uou\/view?usp=drive_link\">Curso presencial de <strong>27-30 sess\u00f5es sobre Resili\u00eancia docente<\/strong><\/a><\/strong><\/p>\n<\/div>","protected":false},"excerpt":{"rendered":"<p>Cursos online gratuitos Planos de ensino para cursos presenciais Curso<\/p>\n","protected":false},"author":2,"featured_media":189,"parent":0,"menu_order":0,"comment_status":"closed","ping_status":"closed","template":"","meta":{"footnotes":""},"acf":[],"rise-blocks_excerpt":"Cursos online gratuitos Planos de ensino para cursos presenciais Curso presencial de 6 sess\u00f5es sobre Resili\u00eancia docente Curso presencial de 27-30 sess\u00f5es sobre Resili\u00eancia docente","uagb_featured_image_src":{"full":["http:\/\/www.erims.udl.cat\/wp-content\/uploads\/2021\/06\/cdc-8LITuYkZRIo-unsplash-scaled.jpg",2560,1703,false],"thumbnail":["http:\/\/www.erims.udl.cat\/wp-content\/uploads\/2021\/06\/cdc-8LITuYkZRIo-unsplash-150x150.jpg",150,150,true],"medium":["http:\/\/www.erims.udl.cat\/wp-content\/uploads\/2021\/06\/cdc-8LITuYkZRIo-unsplash-300x200.jpg",300,200,true],"medium_large":["http:\/\/www.erims.udl.cat\/wp-content\/uploads\/2021\/06\/cdc-8LITuYkZRIo-unsplash-768x511.jpg",640,426,true],"large":["http:\/\/www.erims.udl.cat\/wp-content\/uploads\/2021\/06\/cdc-8LITuYkZRIo-unsplash-1024x681.jpg",640,426,true],"1536x1536":["http:\/\/www.erims.udl.cat\/wp-content\/uploads\/2021\/06\/cdc-8LITuYkZRIo-unsplash-1536x1022.jpg",1536,1022,true],"2048x2048":["http:\/\/www.erims.udl.cat\/wp-content\/uploads\/2021\/06\/cdc-8LITuYkZRIo-unsplash-2048x1363.jpg",2048,1363,true]},"uagb_author_info":{"display_name":"ERIMS UdL","author_link":"http:\/\/www.erims.udl.cat\/index.php\/author\/erims\/"},"uagb_comment_info":0,"uagb_excerpt":"Cursos online gratuitos Planos de ensino para cursos presenciais Curso","_links":{"self":[{"href":"http:\/\/www.erims.udl.cat\/index.php\/wp-json\/wp\/v2\/pages\/450"}],"collection":[{"href":"http:\/\/www.erims.udl.cat\/index.php\/wp-json\/wp\/v2\/pages"}],"about":[{"href":"http:\/\/www.erims.udl.cat\/index.php\/wp-json\/wp\/v2\/types\/page"}],"author":[{"embeddable":true,"href":"http:\/\/www.erims.udl.cat\/index.php\/wp-json\/wp\/v2\/users\/2"}],"replies":[{"embeddable":true,"href":"http:\/\/www.erims.udl.cat\/index.php\/wp-json\/wp\/v2\/comments?post=450"}],"version-history":[{"count":4,"href":"http:\/\/www.erims.udl.cat\/index.php\/wp-json\/wp\/v2\/pages\/450\/revisions"}],"predecessor-version":[{"id":674,"href":"http:\/\/www.erims.udl.cat\/index.php\/wp-json\/wp\/v2\/pages\/450\/revisions\/674"}],"wp:featuredmedia":[{"embeddable":true,"href":"http:\/\/www.erims.udl.cat\/index.php\/wp-json\/wp\/v2\/media\/189"}],"wp:attachment":[{"href":"http:\/\/www.erims.udl.cat\/index.php\/wp-json\/wp\/v2\/media?parent=450"}],"curies":[{"name":"wp","href":"https:\/\/api.w.org\/{rel}","templated":true}]}}

Treinamento e transferência

<div class="post-content">
<h2 class="has-text-align-left wp-block-heading">Cursos online gratuitos</h2>



<figure class="wp-block-embed is-type-wp-embed is-provider-narres wp-block-embed-narres"><div class="wp-block-embed__wrapper">
<blockquote class="wp-embedded-content" data-secret="zaDPF9vyl4"><a href="https://www.narr.es/courses/the-narres-mooc-a-new-approach-to-teacher-resilience/">Developing teacher resilience through narratives</a></blockquote><iframe class="wp-embedded-content" sandbox="allow-scripts" security="restricted" style="position: absolute; clip: rect(1px, 1px, 1px, 1px);" title="&#8220;Developing teacher resilience through narratives&#8221; &#8212; NARRES" src="https://www.narr.es/courses/the-narres-mooc-a-new-approach-to-teacher-resilience/embed/#?secret=rcHj4kqIJ9#?secret=zaDPF9vyl4" data-secret="zaDPF9vyl4" width="600" height="338" frameborder="0" marginwidth="0" marginheight="0" scrolling="no"></iframe>
</div></figure>



<hr class="wp-block-separator is-style-wide"/>



<h2 class="has-text-align-left wp-block-heading">Planos de ensino para cursos presenciais</h2>



<p><strong><a href="https://drive.google.com/file/d/1MjQNSOXZiVOqBBpeL--mAolQs0ndVb_-/view?usp=drive_link">Curso presencial de 6 sessões sobre Resiliência docente</a></strong></p>



<p></p>



<p><strong><a href="https://drive.google.com/file/d/1eWzIEOE59BPg_CX67Wy2-6mIfpUS3Uou/view?usp=drive_link">Curso presencial de <strong>27-30 sessões sobre Resiliência docente</strong></a></strong></p>
</div>

Cursos online gratuitos Planos de ensino para cursos presenciais Curso presencial de 6 sessões sobre Resiliência docente Curso presencial de 27-30 sessões sobre Resiliência docente
